 w(22)?
2, 3, 83
Suppose -c - 4*v = -633, -5*c = 4*v - 9*v - 3140. Let q = c + 46. What are the prime factors of q?
3, 5
Let y = -297 - -301. List the prime factors of (y/(-12))/(1/(-1779)).
593
Let q be ((-33690)/(-25))/(15/275). List the prime factors of q/66 + 8/(-6).
373
Let k(l) = -6*l**3 + 4*l**2 + 5*l + 14. Let a be k(-5). Suppose 3*v = 76 + a. Let d = -100 + v. What are the prime factors of d?
5, 41
Suppose 16923 = 2*z - 4*k - 3237, -3*z = -k - 30215. List the prime factors of z.
2, 5, 19, 53
Suppose 32*s - 28*s = 2532. Let i = s - 339. List the prime factors of i.
2, 3, 7
Let p = -4546 - -12103. What are the prime factors of p?
3, 11, 229
Let a(m) = 5*m**2 - 5*m - 16. Suppose -10*y = 2*y - 84. Let q be a(y). Let s = q + -135. List the prime factors of s.
59
List the prime factors of 714261/287 - (3 - (88/14 + -3)).
19, 131
Let z = 70 - 67. Let r be -2 - (z - (-4 + 6)). List the prime factors of 33/12 + r - (-831)/12.
3, 23
List the prime factors of (-5221832)/(-952) + 10/(-85).
5, 1097
Let s(u) = 101*u**2 + 8*u - 29. Let q be s(4). Suppose -3*w - 335 = -k, -6*k + k + q = -w. List the prime factors of k.
17, 19
Let o(w) = -305*w - 93. Let d be o(-4). Let l = d + -581. What are the prime factors of l?
2, 3, 7, 13
Let q(w) = w**3 + 6*w**2 + 6*w. Let l be q(-8). Let c = -22 - l. Suppose 2*b = -4*j - 40 + c, j - 25 = 3*b. List the prime factors of j.
2, 7
Suppose -11*w + l + 58295 = -69952, -4*w + 3*l = -46630. What are the prime factors of w?
89, 131
Suppose -23*k = -16*k + 2534. Let w = k - -1057. List the prime factors of w.
5, 139
Let v = -14142 - -20757. What are the prime factors of v?
3, 5, 7
List the prime factors of (4310/(-3))/(4/10*(-60)/36).
5, 431
Suppose 3*n = -201*x + 203*x - 53151, 2*x + 5*n - 53191 = 0. List the prime factors of x.
3, 8861
Let d = 66 + -63. Suppose -2*n = -3*j - 60, d*n - 30 + 10 = j. Let v = 70 + j. List the prime factors of v.
2, 5
Let h = -539 + 555. What are the prime factors of 8/h + 13/(-2) - -358?
2, 11
Suppose 0 = 8*n - 53 - 147. Let q(u) = u**3 - 22*u**2 - 34*u - 47. What are the prime factors of q(n)?
2, 3, 163
Let u(p) = -p**3 + 9*p**2 + 3*p - 2. Let b(w) = w**2 - 6*w - 36. Let o be b(10). Let i be u(o). Let x = 0 + i. What are the prime factors of x?
2, 3, 5
What are the prime factors of 77640 + 143 - (1 + -21)?
11, 643
Let a(z) = -2*z**3 + 8*z**2 + 56*z + 121. What are the prime factors of a(-23)?
3, 9133
Suppose -4627*m = -4611*m - 80704. What are the prime factors of m?
2, 13, 97
Let n = 80 - 73. Suppose m + 2130 = n*m. What are the prime factors of m?
5, 71
Let x(q) = q**3 + 45*q**2 - 2*q - 85. Let h be x(-45). List the prime factors of -8*h/10 + 853.
3, 283
Suppose -12*p = -14*p + 15744. What are the prime factors of p?
2, 3, 41
Let w(x) = -13*x - 284. Let o be w(-5). Let y = -1508 - -1074. Let f = o - y. What are the prime factors of f?
5, 43
Let w(g) = 199 + 44*g - 125*g + 46*g + 48*g. What are the prime factors of w(0)?
199
Let v(b) = -5*b + 12. Let g be v(3). Let n be (-6)/(-4)*(-202)/g. Suppose 4*h - 79 = n. List the prime factors of h.
3, 5
Let s(h) = 120*h + 69. Let z be s(-5). What are the prime factors of (z/(-6))/(1/2)?
3, 59
Suppose -161143 = -142*t + 299647. What are the prime factors of t?
5, 11, 59
Let d = 519 + -506. Suppose -d*v + 2198 = -662. What are the prime factors of v?
2, 5, 11
Let l(v) = -932*v**3 + 18*v**2 + 20*v + 5. List the prime factors of l(-2).
59, 127
Let n = 172498 - 94571. List the prime factors of n.
149, 523
Suppose 30 = -f + 6*f, 4*f + 108632 = 4*j. List the prime factors of j.
2, 6791
Suppose 5*y - 115 = -10. Suppose y*h - 12787 = -544. What are the prime factors of h?
11, 53
Suppose 11 = 8*m - 85. Let q(k) = 5*k**2 + k - 26. What are the prime factors of q(m)?
2, 353
Let i(h) = 3*h + 5. Let w(f) = -f**3 - 5*f**2 + 15*f + 8. Let q be w(-7). Let s be i(q). Let r = 45 - s. What are the prime factors of r?
37
Let h = 24 - 11. Suppose 74*x = 75*x + h. Let u = 77 + x. What are the prime factors of u?
2
Let a = -98 + 95. List the prime factors of (2 - -403) + a + 8 + -5.
3, 5
Let z(j) be the first derivative of j**4/4 + 11*j**3/3 - 8*j**2 - 2*j - 59. What are the prime factors of z(-9)?
2, 19
Suppose 33*l - 4*l = 5*l + 178848. List the prime factors of l.
2, 3, 23
Let z = 89164 - 58575. Suppose -5839 + z = 15*x. What are the prime factors of x?
2, 3, 5, 11
Let s(a) = 45*a**3 + 3*a**2. Let f be s(2). Let u = f - 218. What are the prime factors of u?
2, 7, 11
Suppose 2*w = 0, -511 = 5*r - 4*w - 4546. Suppose -5*j + r = -2*j. What are the prime factors of j?
269
Let q = 9781 + -7350. What are the prime factors of q?
11, 13, 17
Let f(g) be the third derivative of -89*g**4/24 - g**3 + 6*g**2. Let v be f(-3). Suppose 523 = 7*n - v. List the prime factors of n.
2, 7
Suppose 2*i + 6 = 0, -f + 10 = -5*i - 8. Let r be (1/(-3))/(2/(-36)*f). Suppose r = u - 3. What are the prime factors of u?
5
Let o = 34 + 63. Suppose 93*x - o*x = -560. List the prime factors of x.
2, 5, 7
List the prime factors of -2523*182/(-21) + -16.
2, 5, 19, 23
Suppose 3*i - 2*i - 1 = 0. Let d be 3*-14 - 2/i. List the prime factors of (d + 2)/(-1)*1.
2, 3, 7
Suppose 0 = -48*v - 57014 - 1978. Let k = -774 - v. What are the prime factors of k?
5, 7, 13
Let c(d) = 357*d**2 + 13*d - 175. What are the prime factors of c(16)?
3, 5, 23, 53
Suppose -5*y - 4*u - 254 = 247, -5*y + 4*u = 509. Let v be (-164)/(2 + 24/(-8)). Let m = v + y. List the prime factors of m.
3, 7
Suppose 4*t + 4*v - 123 = 3*v, v = t - 37. Suppose -36*w + t*w = -20. Suppose -d = w*b - 334, 4*b - 267 = -d - 0*d. List the prime factors of b.
67
Suppose 18*a - 60857 - 37225 = 0. What are the prime factors of a?
5449
Let k = 620 - 600. List the prime factors of (-5660)/12*(k - 23).
5, 283
Suppose 379538 - 45952 + 18149 = 15*z. What are the prime factors of z?
131, 179
Suppose -2*s = -30*q + 35*q - 793, 3*s - 633 = -4*q. Let l(j) = -268*j - 1. Let y be l(-1). Let r = y - q. What are the prime factors of r?
2, 3
Suppose -4*j + 8280 = 8*j. Suppose j = 5*a - 4*z, 0*a - z = -2*a + 276. Suppose -6*u + 24 = -a. What are the prime factors of u?
3
Let r = -846 + 851. Suppose w - 321 = -2*m + 362, -3*w + 2016 = -r*m. List the prime factors of w.
677
Let o be 2 + 84/32 + 3/8. Let i = 3 + 1. What are the prime factors of (i + -5)*-15*o?
3, 5
Suppose 76*a - 74*a = 3*l - 17043, -4*l = -2*a - 22720. What are the prime factors of l?
7, 811
Let q(y) = -y**3 - 9*y**2 - 5*y + 25. Let k be q(-8). List the prime factors of (-2979 + 24)*k/(-3).
5, 197
Suppose -90059 - 22300 = 27*c - 66*c. What are the prime factors of c?
43, 67
Let j(k) = 2*k**3 - 9*k**2 + 2*k - 5. Let x be j(5). Suppose x*z - 2512 = 22*z. List the prime factors of z.
2, 157
Let b = 297 - 297. Suppose b = -3*c + 37*c - 24820. List the prime factors of c.
2, 5, 73
Let u be (-12915)/(-24) - 9/72. Suppose -3*z + 1444 = 2*s, u + 398 = 2*z - 4*s. What are the prime factors of z?
2, 239
Suppose 9155*r + 2029170 = 9220*r. What are the prime factors of r?
2, 3, 11, 43
Suppose 64*c - 104446 + 3232 = 11746. What are the prime factors of c?
5, 353
Let r(l) = l**2 - 4*l + 7. Let d be r(3). Suppose d*b = 2*k - 14 - 0, -2*k = 5*b - 23. Suppose -k*q + 2*q + 574 = 0. What are the prime factors of q?
2, 41
Let k = 70 + -73. Let u be -3*(-4 - k) - (-1 - -9). Let h(v) = v**2 - 2*v - 10. List the prime factors of h(u).
5
Suppose 0 = -q - 2, -11 = -j + 14*q - 11*q. Suppose -3*z - 1012 = -2*v - 7*z, -3*v - j*z = -1520. List the prime factors of v.
2, 3, 5, 17
Suppose 2*b - 32135 - 27375 = 3*t, 0 = 5*b + 3*t - 148817. List the prime factors of b.
29761
What are the prime factors of 9916*2/6*(-30)/(-20)?
2, 37, 67
Let r(c) = -c**2 - 60*c + 85. Let m be r(-27). Suppose -5*f + 990 = a, m = 11*a - 10*a - 2*f. What are the prime factors of a?
2, 5, 7
Let i(b) = -131*b + 388. Let v be 1/(9 - 368/40). What are the prime factors of i(v)?
7, 149
Let w(i) = -5*i - 12. Let b be 4 - 1 - 24/3. Let r be w(b). What are the prime factors of -5*(4 + r)/(-1)?
5, 17
Let b(w) = 32*w**2 + 2*w - 5. Let g = -551 - -544. List the prime factors of b(g).
1549
Let k(d) = -13*d + 41. Let l be k(3). Suppose -1905 = -3*a + 3*g, 4*a - l*g - 1943 = 595. What are the prime factors of a?
2, 317
Let r(s) = -34 - 381*s**3 + 17 + 9*s + 11 + s**2 